mposite?
False
Is 35093 composite?
True
Is 74 a composite number?
True
Is 9199 prime?
True
Is 20089 composite?
False
Is 15163 a composite number?
True
Is 1566343 prime?
True
Is 27926 a prime number?
False
Is 30809 a prime number?
True
Is 2276407 a composite number?
True
Is 2203 a composite number?
False
Is 138493 a composite number?
False
Is 29977 a composite number?
True
Is 180779 a prime number?
True
Is 783119 prime?
True
Is 12841 composite?
False
Is 54053 composite?
True
Is 263297 composite?
True
Is 32411 a composite number?
False
Is 37831 a prime number?
True
Is 16183 prime?
True
Is 307 composite?
False
Is 36629 prime?
True
Is 12605 a prime number?
False
Is 2503 a composite number?
False
Is 68953 a prime number?
False
Is 1657 a composite number?
False
Is 168599 composite?
False
Is 143357 prime?
True
Is 13465 a composite number?
True
Is 5091 a composite number?
True
Is 15127 a prime number?
False
Is 69241 composite?
True
Is 1047157 a composite number?
False
Is 546317 a prime number?
True
Is 29819 a composite number?
False
Is 144323 prime?
True
Is 13649 prime?
True
Is 157163 a prime number?
True
Is 9357 a composite number?
True
Is 200921 a composite number?
True
Is 1443187 prime?
False
Is 257941 a prime number?
False
Is 420521 a prime number?
True
Is 5935 composite?
True
Is 1148029 a composite number?
False
Is 79801 a composite number?
False
Is 587 prime?
True
Is 65003 prime?
True
Is 162209 a prime number?
True
Is 9799 prime?
False
Is 113353 composite?
True
Is 16691 composite?
False
Is 63241 composite?
False
Is 13739 prime?
False
Is 1035399 a composite number?
True
Is 2175187 prime?
False
Is 928077 a composite number?
True
Is 4613 a prime number?
False
Is 258985 a prime number?
False
Is 958651 prime?
False
Is 1637 prime?
True
Is 3710561 a prime number?
True
Is 1361 prime?
True
Is 9199 a prime number?
True
Is 114031 prime?
True
Is 50017 composite?
True
Is 289 a composite number?
True
Is 46619 composite?
False
Is 1741 a prime number?
True
Is 936383 prime?
False
Is 201323 prime?
False
Is 39929 a prime number?
True
Is 1382 prime?
False
Is 3989 composite?
False
Is 128569 a prime number?
False
Is 72817 a composite number?
False
Is 19121 composite?
False
Is 44833 a prime number?
False
Is 55669 a composite number?
True
Is 1511 a prime number?
True
Is 9389 prime?
False
Is 323899 composite?
False
Is 24193 composite?
True
Is 352277 a prime number?
False
Is 1185761 composite?
True
Is 51707 prime?
False
Is 11183 a prime number?
False
Is 16087 a prime number?
True
Is 3419 composite?
True
Is 13001 composite?
False
Is 2761 a prime number?
False
Is 2515 a composite number?
True
Is 2418733 composite?
False
Is 393779 prime?
True
Is 379 a prime number?
True
Is 13045 a prime number?
False
Is 787 prime?
True
Is 2333 a composite number?
False
Is 240161 composite?
True
Is 89431 composite?
False
Is 5079 a prime number?
False
Is 22465 prime?
False
Is 199021 a composite number?
False
Is 6997 a composite number?
False
Is 431905 composite?
True
Is 17891 a prime number?
True
Is 257327 composite?
True
Is 118793 a prime number?
False
Is 610387 composite?
True
Is 58253 a composite number?
True
Is 90053 a composite number?
False
Is 252139 prime?
True
Is 17597 a prime number?
True
Is 5623 composite?
False
Is 3097 a prime number?
False
Is 23889 a composite number?
True
Is 2326 prime?
False
Is 66469 a composite number?
True
Is 239539 composite?
False
Is 31039 a composite number?
False
Is 896482 prime?
False
Is 302287 prime?
True
Is 27611 a prime number?
True
Is 25367 composite?
False
Is 638317 a prime number?
True
Is 245171 prime?
True
Is 665479 composite?
False
Is 6767 a prime number?
False
Is 77641 a prime number?
True
Is 9853 a composite number?
True
Is 6740951 a prime number?
False
Is 2518 prime?
False
Is 489259 prime?
False
Is 3259 prime?
True
Is 7517 a prime number?
True
Is 35027 a composite number?
False
Is 357557 a prime number?
False
Is 339689 a prime number?
False
Is 353557 composite?
False
Is 83203 prime?
True
Is 2570143 a composite number?
True
Is 782513 composite?
True
Is 2761 composite?
True
Is 183283 a prime number?
True
Is 107585 a prime number?
False
Is 9791 a composite number?
False
Is 1532729 a composite number?
True
Is 81893 a prime number?
False
Is 3247073 prime?
True
Is 681 a composite number?
True
Is 7331 composite?
False
Is 528091 a prime number?
True
Is 50177 a composite number?
False
Is 141938 a prime number?
False
Is 504626 prime?
False
Is 120539 a prime number?
True
Is 9277 prime?
True
Is 4583 a prime number?
True
Is 112862 a composite number?
True
Is 15907 composite?
False
Is 2722 a composite number?
True
Is 7121 composite?
False
Is 25793 prime?
True
Is 9091 prime?
True
Is 8059 composite?
False
Is 379201 a composite number?
True
Is 7327 a prime number?
False
Is 3389 a composite number?
False
Is 173659 composite?
False
Is 27923 a prime number?
False
Is 36154 composite?
True
Is 510571 composite?
True
Is 8371 composite?
True
Is 22433 composite?
False
Is 457753 composite?
True
Is 7033 a prime number?
False
Is 74257 a prime number?
True
Is 22031 a prime number?
True
Is 2146663 a prime number?
True
Is 558457 composite?
False
Is 600359 a prime number?
True
Is 57185 a prime number?
False
Is 1877219 prime?
False
Is 3197 prime?
False
Is 6187 prime?
False
Is 3791 a composite number?
True
Is 46391 prime?
False
Is 9029 a composite number?
False
Is 84505 a composite number?
True
Is 188491 prime?
True
Is 718897 a prime number?
True
Is 28081 a composite number?
False
Is 122329 a prime number?
False
Is 71843 a composite number?
False
Is 4591 a prime number?
True
Is 12011 a composite number?
False
Is 4000631 a composite number?
False
Is 17047 a prime number?
True
Is 4821 composite?
True
Is 19799 prime?
False
Is 7031 a prime number?
False
Is 215 composite?
True
Is 9239 composite?
False
Is 69623 composite?
False
Is 249593 prime?
True
Is 8929 prime?
True
Is 731 prime?
False
Is 24391 a prime number?
True
Is 15955 a composite number?
True
Is 7949 a composite number?
False
Is 17341 composite?
False
Is 59647 a composite number?
True
Is 3907 composite?
False
Is 610969 prime?
True
Is 46333 composite?
True
Is 700694 prime?
False
Is 78278 prime?
False
Is 372733 a composite number?
False
Is 12689 a composite number?
False
Is 535039 composite?
True
Is 999653 a composite number?
False
Is 53615 prime?
False
Is 2042749 a composite number?
False
Is 493369 prime?
True
Is 80035 a prime number?
False
Is 1248289 composite?
True
Is 9521 a prime number?
True
Is 21247 composite?
False
Is 447859 composite?
False
Is 177371 a prime number?
False
Is 2395 composite?
True
Is 60353 a composite number?
False
Is 1795951 prime?
True
Is 2843 prime?
True
Is 1073 composite?
True
Is 802 composite?
True
Is 12841 composite?
False
Is 457267 composite?
False
Is 159257 prime?
False
Is 72461 a composite number?
False
Is 40559 a composite number?
False
Is 3821 a prime number?
True
Is 117155 composite?
True
Is 584587 composite?
False
Is 629 prime?
False
Is 54721 a composite number?
False
Is 42241 a prime number?
False
Is 108877 a prime number?
True
Is 57313 a composite number?
True
Is 31793 a prime number?
True
Is 35729 a prime number?
True
Is 6449 a composite number?
False
Is 404227 a prime number?
False
Is 70423 composite?
False
Is 19883 prime?
False
Is 2503 composite?
False
Is 65003 a prime number?
True
Is 9349 prime?
True
Is 88589 a prime number?
True
Is 509827 prime?
False
Is 189547 composite?
False
Is 8263 a prime number?
True
Is 28181 a prime number?
True
Is 120191 a composite number?
True
Is 45789 a prime number?
False
Is 20101 a composite number?
False
Is 273687 composite?
True
Is 83267 a composite number?
False
Is 170629 a composite number?
True
Is 6483 composite?
True
Is 4391 composite?
False
Is 98799 composite?
True
Is 1777 composite?
False
Is 8623 a composite number?
False
Is 8263 a prime number?
True
Is 203971 prime?
True
Is 991 a composite number?
False
Is 2287 a prime number?
True
Is 32105 prime?
False
Is 3647 a prime number?
False
Is 6001 prime?
False
Is 19 prime?
True
Is 1382 a prime number?
False
Is 225809 composite?
False
Is 2623 prime?
False
Is 40405 a composite number?
True
Is 313109 prime?
True
Is 369865 composite?
True
Is 58663 a composite number?
True
Is 11027 prime?
True
Is 145177 